{"id":1837,"date":"2023-11-05T16:55:32","date_gmt":"2023-11-05T15:55:32","guid":{"rendered":"http:\/\/www.lacollinadelleiris.it\/?page_id=1837"},"modified":"2026-02-27T11:50:49","modified_gmt":"2026-02-27T10:50:49","slug":"iris-disponibles","status":"publish","type":"page","link":"https:\/\/www.lacollinadelleiris.it\/index.php\/iris-disponibles\/","title":{"rendered":"Iris disponibles"},"content":{"rendered":"\n<figure class=\"wp-block-image size-full\"><img loading=\"lazy\" decoding=\"async\" width=\"1273\" height=\"453\" src=\"https:\/\/www.lacollinadelleiris.it\/wp-content\/uploads\/2026\/02\/Vendite-sospese-francese.jpg\" alt class=\"wp-image-44798\" srcset=\"https:\/\/www.lacollinadelleiris.it\/wp-content\/uploads\/2026\/02\/Vendite-sospese-francese.jpg 1273w, https:\/\/www.lacollinadelleiris.it\/wp-content\/uploads\/2026\/02\/Vendite-sospese-francese-300x107.jpg 300w, https:\/\/www.lacollinadelleiris.it\/wp-content\/uploads\/2026\/02\/Vendite-sospese-francese-1024x364.jpg 1024w, https:\/\/www.lacollinadelleiris.it\/wp-content\/uploads\/2026\/02\/Vendite-sospese-francese-768x273.jpg 768w\" sizes=\"auto, (max-width: 1273px) 100vw, 1273px\"><\/figure>\n\n\n\n<p class=\"justify-text\">Vous pou\u00advez ac\u00adc\u00e9\u00adder aux ga\u00adle\u00adries d\u2019i\u00adris di\u00adspo\u00adni\u00adbles en cli\u00adquant sur les dif\u00adf\u00e9\u00adren\u00adtes ty\u00adpes d\u2019i\u00adris:<\/p>\n\n\n\n<hr class=\"wp-block-separator aligncenter has-text-color has-ast-global-color-0-color has-alpha-channel-opacity has-ast-global-color-0-background-color has-background is-style-wide\" style=\"margin-top:var(--wp--preset--spacing--40)\">\n\n\n\n<p><span style=\"color: #333399;\">\u2605<\/span>&nbsp;&nbsp;<strong><a href=\"https:\/\/www.lacollinadelleiris.it\/index.php\/fr\/tb-disponibles\/\"><span style=\"text-decoration: underline;\">Grands iris bar\u00adbus<\/span><\/a><\/strong> (TB)<\/p>\n\n\n\n<p><span style=\"color: #333399;\">\u2605<\/span>&nbsp;&nbsp;<strong><a href=\"https:\/\/www.lacollinadelleiris.it\/index.php\/fr\/recents-disponibles\/\"><span style=\"text-decoration: underline;\">Grands iris bar\u00adbus re\u00adcen\u00adts<\/span><\/a><\/strong> (TB)<\/p>\n\n\n\n<p><span style=\"color: #333399;\">\u2605<\/span>&nbsp;&nbsp;<strong><a href=\"https:\/\/www.lacollinadelleiris.it\/index.php\/fr\/bb-disponibles\/\"><span style=\"text-decoration: underline;\">Iris bar\u00adbus de bor\u00addu\u00adre<\/span><\/a><\/strong> (BB)<\/p>\n\n\n\n<p><span style=\"color: #333399;\">\u2605<\/span>&nbsp;&nbsp;<strong><a href=\"https:\/\/www.lacollinadelleiris.it\/index.php\/fr\/ib-disponibles\/\"><span style=\"text-decoration: underline;\">Iris bar\u00adbus in\u00adter\u00adm\u00e9\u00addiai\u00adres<\/span><\/a><\/strong> (IB)<\/p>\n\n\n\n<p><span style=\"color: #333399;\">\u2605<\/span>&nbsp;&nbsp;<strong><a href=\"https:\/\/www.lacollinadelleiris.it\/index.php\/fr\/mtb-disponibles\/\"><span style=\"text-decoration: underline;\">Grands iris bar\u00adbus mi\u00adnia\u00adtu\u00adres<\/span><\/a><\/strong> (MTB)<\/p>\n\n\n\n<p><span style=\"color: #333399;\">\u2605<\/span>&nbsp;&nbsp;<strong><a href=\"https:\/\/www.lacollinadelleiris.it\/index.php\/fr\/sdb-disponibles\/\"><span style=\"text-decoration: underline;\">Iris bar\u00adbus nains stan\u00addards<\/span><\/a><\/strong> (SDB)<\/p>\n\n\n\n<p><span style=\"color: #333399;\">\u2605<\/span>&nbsp;&nbsp;<strong><a href=\"https:\/\/www.lacollinadelleiris.it\/index.php\/fr\/mdb-disponibles\/\"><span style=\"text-decoration: underline;\">Iris bar\u00adbus nains mi\u00adnia\u00adtu\u00adres<\/span><\/a><\/strong> (MDB)<\/p>\n\n\n\n<p><span style=\"color: #333399;\">\u2605<\/span>&nbsp;&nbsp;<strong><a href=\"https:\/\/www.lacollinadelleiris.it\/index.php\/fr\/ab-disponibles\/\"><span style=\"text-decoration: underline;\">Aril\u00adbreds<\/span><\/a><\/strong> (AB)<\/p>\n\n\n\n<p><span style=\"color: #333399;\">\u2605<\/span>&nbsp;<strong>&nbsp;<\/strong><a href=\"https:\/\/www.lacollinadelleiris.it\/index.php\/fr\/spec-disponibles\/\"><strong><span style=\"text-decoration: underline;\">Iris sau\u00adva\u00adges<\/span><\/strong><\/a> (SPEC)<\/p>\n\n\n\n<p><span style=\"color: #333399;\">\u2605<\/span>&nbsp;<strong>&nbsp;<\/strong><a href=\"https:\/\/www.lacollinadelleiris.it\/index.php\/fr\/noid-disponibles\/\"><strong><span style=\"text-decoration: underline;\">Iris sans nom<\/span><\/strong><\/a> (SPEC)<\/p>\n\n\n\n<p><span style=\"color: #333399;\">\u2605<\/span>&nbsp;<strong>&nbsp;<a href=\"https:\/\/www.lacollinadelleiris.it\/index.php\/fr\/re-disponibles\/\"><span style=\"text-decoration: underline;\">Iris re\u00admon\u00adtan\u00adts<\/span><\/a><\/strong><\/p>\n\n\n\n<p><span style=\"color: #333399;\">\u2605<\/span>&nbsp;&nbsp;<strong><a href=\"https:\/\/www.lacollinadelleiris.it\/index.php\/fr\/cadeaux\/\"><span style=\"text-decoration: underline;\">Iris gra\u00adtui\u00adts<\/span><\/a><\/strong><\/p>\n\n\n\n<hr class=\"wp-block-separator aligncenter has-text-color has-ast-global-color-0-color has-alpha-channel-opacity has-ast-global-color-0-background-color has-background is-style-wide\" style=\"margin-top:var(--wp--preset--spacing--40)\">\n\n\n\n<figure class=\"wp-block-image aligncenter size-full is-resized imageborder\"><img loading=\"lazy\" decoding=\"async\" width=\"573\" height=\"411\" src=\"https:\/\/www.lacollinadelleiris.it\/wp-content\/uploads\/2023\/11\/Types-diris-barbus.jpg\" alt=\"Les types d'iris barbus\" class=\"wp-image-5928\" style=\"width:1200px\" srcset=\"https:\/\/www.lacollinadelleiris.it\/wp-content\/uploads\/2023\/11\/Types-diris-barbus.jpg 573w, https:\/\/www.lacollinadelleiris.it\/wp-content\/uploads\/2023\/11\/Types-diris-barbus-300x215.jpg 300w\" sizes=\"auto, (max-width: 573px) 100vw, 573px\"><\/figure>\n\n\n\n<p class=\"justify-text\">En cli\u00adquant sur la vi\u00adgnet\u00adte, vous pou\u00advez ou\u00advrir la fi\u00adche de ren\u00adsei\u00adgne\u00admen\u00adts, o\u00f9 vous trou\u00adve\u00adrez les in\u00adfor\u00adma\u00adtions sui\u00advan\u00adtes:<\/p>\n\n\n\n<p><span style=\"color: #333399;\">\u2605<\/span> &nbsp;Nom de l\u2019i\u00adris<br><span style=\"color: #333399;\">\u2605<\/span>&nbsp; Nom de l\u2019ob\u00adten\u00adteur<br><span style=\"color: #333399;\">\u2605<\/span> &nbsp;An\u00adn\u00e9e de cr\u00e9a\u00adtion<br><span style=\"color: #333399;\">\u2605<\/span> &nbsp;Ty\u00adpe d\u2019i\u00adris<br><span style=\"color: #333399;\">\u2605<\/span> &nbsp;P\u00e9\u00adrio\u00adde de flo\u00adrai\u00adson<br><span style=\"color: #333399;\">\u2605<\/span>&nbsp;&nbsp;Hau\u00adteur en cen\u00adti\u00adm\u00e8\u00adtres<br><span style=\"color: #333399;\">\u2605<\/span>&nbsp;&nbsp;Co\u00adde<br><span style=\"color: #333399;\">\u2605<\/span>&nbsp;&nbsp;Ca\u00adratc\u00adt\u00e9\u00adri\u00adsti\u00adques de re\u00admon\u00adtan\u00adce<\/p>\n\n\n\n<p class=\"justify-text\">En cli\u00adquant sur la pho\u00adto\u00adgra\u00adphie, vous ou\u00advri\u00adrez la pa\u00adge de l\u2019En\u00adcy\u00adclo\u00adp\u00e9\u00addie des Iris de l\u2019AIS re\u00adla\u00adti\u00adve \u00e0 cet\u00adte va\u00adri\u00e9\u00adt\u00e9.<\/p>\n\n\n\n<p class=\"justify-text\">Dans la plu\u00adpart des cas, vous trou\u00adve\u00adrez \u00e9ga\u00adle\u00adment une ga\u00adle\u00adrie de pho\u00adto\u00adgra\u00adphies de la m\u00ea\u00adme va\u00adri\u00e9\u00adt\u00e9 pri\u00adses sur la col\u00adli\u00adne.<\/p>\n\n\n\n<p class=\"justify-text\">Si vous \u00eates in\u00adt\u00e9\u00adres\u00ads\u00e9 par quel\u00adques iris di\u00adspo\u00adni\u00adbles, il faut se r\u00e9\u00adf\u00e9\u00adrer \u00e0 la pa\u00adge \u201c<strong><a href=\"https:\/\/www.lacollinadelleiris.it\/index.php\/fr\/contact\/\"><span style=\"text-decoration: underline;\">Con\u00adtact<\/span><\/a><\/strong>\u201d, afin que nous puis\u00adsions con\u00adve\u00adnir d\u2019un \u00e9chan\u00adge ou d\u2019u\u00adne ven\u00adte, ou m\u2019\u00e9\u00adcri\u00adre sur Mes\u00adsen\u00adger (pa\u00adge Fa\u00adce\u00adbook \u201c<strong><a href=\"https:\/\/www.facebook.com\/la.collina.delle.iris\"><span style=\"text-decoration: underline;\">La Col\u00adli\u00adna del\u00adle Iris<\/span><\/a><\/strong>\u201d).<\/p>\n\n\n\n<p class=\"justify-text\">Si un iris n\u2019e\u00adst plus di\u00adspo\u00adni\u00adble, ce\u00adla se\u00adra in\u00addi\u00adqu\u00e9 sur sa pho\u00adto\u00adgra\u00adphie avec la men\u00adtion \u201c\u00c9pui\u00ads\u00e9\u201d.<\/p>\n\n\n\n<p class=\"justify-text\">Peu de rhi\u00adzo\u00admes sont di\u00adspo\u00adni\u00adbles pour cha\u00adque va\u00adri\u00e9\u00adt\u00e9, il est donc pr\u00e9\u00adf\u00e9\u00adra\u00adble de les r\u00e9\u00adser\u00adver le plus t\u00f4t pos\u00adsi\u00adble, ils se\u00adront en\u00adsui\u00adte ex\u00adp\u00e9\u00addi\u00e9s de mi-juil\u00adlet \u00e0 mi-oc\u00adto\u00adbre (\u00e0 la fin de sep\u00adtem\u00adbre pour les pays du nord). Pour les r\u00e9\u00adser\u00adver, il est n\u00e9\u00adces\u00adsai\u00adre d\u2019in\u00addi\u00adquer un nu\u00adm\u00e9\u00adro de t\u00e9\u00adl\u00e9\u00adpho\u00adne avec Wha\u00adtsApp.<\/p>\n\n\n\n<hr class=\"wp-block-separator aligncenter has-text-color has-ast-global-color-0-color has-alpha-channel-opacity has-ast-global-color-0-background-color has-background is-style-default\" style=\"margin-top:var(--wp--preset--spacing--50)\">\n\n\n\n<h4 class=\"wp-block-heading\" id=\"come-proporre-le-proprie-iris-per-lo-scambio\"><span style=\"color: #333399;\">Comment proposer vos iris \u00e0 l\u2019\u00e9change<\/span><\/h4>\n\n\n\n<p class=\"justify-text\">L\u2019\u00e9\u00adchan\u00adge ne peut avoir lieu qu\u2019a\u00advec des va\u00adri\u00e9\u00adt\u00e9s en\u00adre\u00adgi\u00adstr\u00e9es. Pour pro\u00adpo\u00adser vos iris \u00e0 l\u2019\u00e9\u00adchan\u00adge vous de\u00advrez en\u00advoyer une pho\u00adto (la v\u00f4\u00adtre non pri\u00adse sur In\u00adter\u00adnet) pr\u00e9\u00adci\u00adsant le nom de l\u2019i\u00adris via l\u2019un des ca\u00adnaux in\u00addi\u00adqu\u00e9s sur la pa\u00adge \u201c<strong><a href=\"https:\/\/www.lacollinadelleiris.it\/index.php\/fr\/contact\/\"><span style=\"text-decoration: underline;\">Con\u00adtact<\/span><\/a><\/strong>\u201d.<\/p>\n\n\n\n<p class=\"justify-text\">Les iris se\u00adront en\u00adsui\u00adte ex\u00adp\u00e9\u00addi\u00e9s dans le d\u00e9\u00adlai in\u00addi\u00adqu\u00e9 ci-des\u00adsus et cha\u00adcun pa\u00adie\u00adra ses pro\u00adpres frais d\u2019en\u00advoi.<\/p>\n\n\n\n<hr class=\"wp-block-separator aligncenter has-text-color has-ast-global-color-0-color has-alpha-channel-opacity has-ast-global-color-0-background-color has-background is-style-default\" style=\"margin-top:var(--wp--preset--spacing--50)\">\n\n\n\n<h4 class=\"wp-block-heading\" id=\"come-acquistare-le-iris-di-vostro-gradimento\"><span style=\"color: #333399;\">Comment acheter les iris de votre choix<\/span><\/h4>\n\n\n\n<p class=\"justify-text\">Les iris peu\u00advent \u00eatre r\u00e9\u00adser\u00adv\u00e9s \u00e0 tout mo\u00adment ju\u00adsqu\u2019\u00e0 fin sep\u00adtem\u00adbre (le prix se\u00adra com\u00admu\u00adni\u00adqu\u00e9 ex\u00adclu\u00adsi\u00adve\u00adment par mes\u00adsa\u00adge pri\u00adv\u00e9). Ils se\u00adront en\u00adsui\u00adte ex\u00adp\u00e9\u00addi\u00e9s dans la p\u00e9\u00adrio\u00adde qui vous con\u00advient le mieux de mi-juil\u00adlet \u00e0 mi-oc\u00adto\u00adbre (fin sep\u00adtem\u00adbre pour les pays du nord). Le pa\u00adie\u00adment doit \u00eatre ef\u00adfec\u00adtu\u00e9 \u00e0 l\u2019a\u00advan\u00adce par vi\u00adre\u00adment ban\u00adcai\u00adre ou Pay\u00adpal (avec une com\u00admis\u00adsion qui se\u00adra cal\u00adcu\u00adl\u00e9e en fonc\u00adtion du nom\u00adbre de rhi\u00adzo\u00admes ache\u00adt\u00e9s).<\/p>\n\n\n\n<p class=\"justify-text\">Les frais de port pour l\u2019\u00e9\u00adtran\u00adger d\u00e9\u00adpen\u00addent de la quan\u00adti\u00adt\u00e9 de rhi\u00adzo\u00admes ache\u00adt\u00e9s et du pays de de\u00adsti\u00adna\u00adtion et se\u00adront esti\u00adm\u00e9s apr\u00e8s r\u00e9\u00adser\u00adva\u00adtion des rhi\u00adzo\u00admes et com\u00admu\u00adni\u00adqu\u00e9s avec la con\u00adfir\u00adma\u00adtion de com\u00adman\u00adde. Le prix pr\u00e9\u00adcis de l\u2019ex\u00adp\u00e9\u00addi\u00adtion se\u00adra com\u00admu\u00adni\u00adqu\u00e9 au mo\u00adment du r\u00e9\u00adca\u00adpi\u00adtu\u00adla\u00adtif de pa\u00adie\u00adment, qui vous se\u00adra adres\u00ads\u00e9 14 jours avant l\u2019ex\u00adp\u00e9\u00addi\u00adtion. L\u2019ex\u00adp\u00e9\u00addi\u00adtion est tou\u00adjours tra\u00e7a\u00adble. Il est \u00e9ga\u00adle\u00adment pos\u00adsi\u00adble d\u2019or\u00adga\u00adni\u00adser in\u00add\u00e9\u00adpen\u00addam\u00adment vo\u00adtre pro\u00adpre en\u00advoi avec en\u00adl\u00e8\u00adve\u00adment chez \u201cLa Col\u00adli\u00adne des Iris\u201d.<\/p>\n\n\n\n<p class=\"justify-text\">Pour 5 rhi\u00adzo\u00admes, vous au\u00adrez droit \u00e0 1 rhi\u00adzo\u00adme gra\u00adtuit (du m\u00ea\u00adme ty\u00adpe ou \u00e9qui\u00adva\u00adlent). Vous pou\u00advez choi\u00adsir ceux qui vous plai\u00adsent par\u00admi les \u201c<strong><a href=\"https:\/\/www.lacollinadelleiris.it\/index.php\/fr\/cadeaux\/\"><span style=\"text-decoration: underline;\">Iris gra\u00adtui\u00adts<\/span><\/a><\/strong>\u201d.<\/p>\n\n\n\n<hr class=\"wp-block-separator aligncenter has-text-color has-ast-global-color-0-color has-alpha-channel-opacity has-ast-global-color-0-background-color has-background is-style-default\" style=\"margin-top:var(--wp--preset--spacing--50)\">\n\n\n\n<h4 class=\"wp-block-heading\" id=\"altre-informazioni\"><span style=\"color: #333399;\">Informations suppl\u00e9mentaires<\/span><\/h4>\n\n\n\n<p class=\"justify-text\">La p\u00e9\u00adrio\u00adde op\u00adti\u00adma\u00adle pour en\u00adle\u00adver, di\u00advi\u00adser et re\u00adplan\u00adter les iris est le mois d\u2019ao\u00fbt, mais il est pos\u00adsi\u00adble de le fai\u00adre de mi-juil\u00adlet \u00e0 mi-oc\u00adto\u00adbre dans les r\u00e9\u00adgions les plus chau\u00addes (fin sep\u00adtem\u00adbre pour les r\u00e9\u00adgions du nord).<\/p>\n\n\n\n<p class=\"justify-text\">Les rhi\u00adzo\u00admes de la Col\u00adli\u00adne des Iris se\u00adront donc di\u00adspo\u00adni\u00adbles ju\u00adsqu\u2019\u00e0 mi-oc\u00adto\u00adbre, puis ils se\u00adront re\u00adplan\u00adt\u00e9s ou uti\u00adli\u00ads\u00e9s d\u2019u\u00adne au\u00adtre ma\u00adni\u00e8\u00adre.<\/p>\n\n\n\n<hr class=\"wp-block-separator aligncenter has-text-color has-ast-global-color-0-color has-alpha-channel-opacity has-ast-global-color-0-background-color has-background is-style-wide\" style=\"margin-bottom:var(--wp--preset--spacing--20)\">\n","protected":false},"excerpt":{"rendered":"<p>Vous pou\u00advez ac\u00adc\u00e9\u00adder aux ga\u00adle\u00adries d\u2019i\u00adris di\u00adspo\u00adni\u00adbles en cli\u00adquant sur les dif\u00adf\u00e9\u00adren\u00adtes ty\u00adpes d\u2019i\u00adris: \u2605&nbsp;&nbsp;Grands iris bar\u00adbus (TB) \u2605&nbsp;&nbsp;Grands iris bar\u00adbus re\u00adcen\u00adts (TB) \u2605&nbsp;&nbsp;Iris bar\u00adbus de bor\u00addu\u00adre (BB) \u2605&nbsp;&nbsp;Iris bar\u00adbus in\u00adter\u00adm\u00e9\u00addiai\u00adres (IB) \u2605&nbsp;&nbsp;Grands iris bar\u00adbus mi\u00adnia\u00adtu\u00adres (MTB) \u2605&nbsp;&nbsp;Iris bar\u00adbus nains stan\u00addards (SDB) \u2605&nbsp;&nbsp;Iris bar\u00adbus nains mi\u00adnia\u00adtu\u00adres (MDB) \u2605&nbsp;&nbsp;Aril\u00adbreds (AB) \u2605&nbsp;&nbsp;Iris sau\u00adva\u00adges (SPEC) \u2605&nbsp;&nbsp;Iris sans nom [\u2026]<\/p>\n","protected":false},"author":1,"featured_media":5928,"parent":0,"menu_order":0,"comment_status":"closed","ping_status":"closed","template":"","meta":{"wp_typography_post_enhancements_disabled":false,"site-sidebar-layout":"default","site-content-layout":"","ast-site-content-layout":"default","site-content-style":"default","site-sidebar-style":"default","ast-global-header-display":"","ast-banner-title-visibility":"","ast-main-header-display":"","ast-hfb-above-header-display":"","ast-hfb-below-header-display":"","ast-hfb-mobile-header-display":"","site-post-title":"","ast-breadcrumbs-content":"","ast-featured-img":"","footer-sml-layout":"","ast-disable-related-posts":"","theme-transparent-header-meta":"","adv-header-id-meta":"","stick-header-meta":"","header-above-stick-meta":"","header-main-stick-meta":"","header-below-stick-meta":"","astra-migrate-meta-layouts":"set","ast-page-background-enabled":"default","ast-page-background-meta":{"desktop":{"background-color":"var(--ast-global-color-4)","background-image":"","background-repeat":"repeat","background-position":"center center","background-size":"auto","background-attachment":"scroll","background-type":"","background-media":"","overlay-type":"","overlay-color":"","overlay-opacity":"","overlay-gradient":""},"tablet":{"background-color":"","background-image":"","background-repeat":"repeat","background-position":"center center","background-size":"auto","background-attachment":"scroll","background-type":"","background-media":"","overlay-type":"","overlay-color":"","overlay-opacity":"","overlay-gradient":""},"mobile":{"background-color":"","background-image":"","background-repeat":"repeat","background-position":"center center","background-size":"auto","background-attachment":"scroll","background-type":"","background-media":"","overlay-type":"","overlay-color":"","overlay-opacity":"","overlay-gradient":""}},"ast-content-background-meta":{"desktop":{"background-color":"var(--ast-global-color-5)","background-image":"","background-repeat":"repeat","background-position":"center center","background-size":"auto","background-attachment":"scroll","background-type":"","background-media":"","overlay-type":"","overlay-color":"","overlay-opacity":"","overlay-gradient":""},"tablet":{"background-color":"var(--ast-global-color-5)","background-image":"","background-repeat":"repeat","background-position":"center center","background-size":"auto","background-attachment":"scroll","background-type":"","background-media":"","overlay-type":"","overlay-color":"","overlay-opacity":"","overlay-gradient":""},"mobile":{"background-color":"var(--ast-global-color-5)","background-image":"","background-repeat":"repeat","background-position":"center center","background-size":"auto","background-attachment":"scroll","background-type":"","background-media":"","overlay-type":"","overlay-color":"","overlay-opacity":"","overlay-gradient":""}},"footnotes":""},"class_list":["post-1837","page","type-page","status-publish","has-post-thumbnail","hentry"],"_links":{"self":[{"href":"https:\/\/www.lacollinadelleiris.it\/index.php\/wp-json\/wp\/v2\/pages\/1837","targetHints":{"allow":["GET"]}}],"collection":[{"href":"https:\/\/www.lacollinadelleiris.it\/index.php\/wp-json\/wp\/v2\/pages"}],"about":[{"href":"https:\/\/www.lacollinadelleiris.it\/index.php\/wp-json\/wp\/v2\/types\/page"}],"author":[{"embeddable":true,"href":"https:\/\/www.lacollinadelleiris.it\/index.php\/wp-json\/wp\/v2\/users\/1"}],"replies":[{"embeddable":true,"href":"https:\/\/www.lacollinadelleiris.it\/index.php\/wp-json\/wp\/v2\/comments?post=1837"}],"version-history":[{"count":58,"href":"https:\/\/www.lacollinadelleiris.it\/index.php\/wp-json\/wp\/v2\/pages\/1837\/revisions"}],"predecessor-version":[{"id":44799,"href":"https:\/\/www.lacollinadelleiris.it\/index.php\/wp-json\/wp\/v2\/pages\/1837\/revisions\/44799"}],"wp:featuredmedia":[{"embeddable":true,"href":"https:\/\/www.lacollinadelleiris.it\/index.php\/wp-json\/wp\/v2\/media\/5928"}],"wp:attachment":[{"href":"https:\/\/www.lacollinadelleiris.it\/index.php\/wp-json\/wp\/v2\/media?parent=1837"}],"curies":[{"name":"wp","href":"https:\/\/api.w.org\/{rel}","templated":true}]}}